{"id":14588,"date":"2026-02-26T04:38:30","date_gmt":"2026-02-26T03:38:30","guid":{"rendered":"https:\/\/rowermax.shop\/ro64\/produkt\/rower-elektryczny-engwe-l20-3-0-boost-czarny\/"},"modified":"2026-02-26T04:38:33","modified_gmt":"2026-02-26T03:38:33","slug":"rower-elektryczny-engwe-l20-3-0-boost-czarny","status":"publish","type":"product","link":"https:\/\/torvaniq.shop\/ro64\/produkt\/rower-elektryczny-engwe-l20-3-0-boost-czarny\/","title":{"rendered":"Rower Elektryczny Engwe L20 3.0 Boost Czarny"},"content":{"rendered":"<div style=\"font-family: Arial, sans-serif; line-height: 1.6; color: #333; padding: 20px; clear: both; display: block; width: 100%; float: none; position: static; overflow: hidden;\">\n<div style=\"clear: both; display: block; margin: 10px 0;\">\n<div style=\"clear: both; display: block; margin: 10px 0;\">\n<div style=\"clear: both; display: block; margin: 10px 0;\">\n<p style=\"margin: 15px 0; line-height: 1.8; clear: both; display: block; width: 100%; float: none; position: static;\">5901546313621 ENGWEL203.0BOOSTBKRower Elektryczny Engwe L20 3.0 Boost Czarny<\/p>\n<\/div>\n<\/div>\n<\/div>\n<div style=\"clear: both; display: block; margin: 10px 0;\">\n<div style=\"clear: both; display: block; margin: 10px 0;\">\n<div style=\"clear: both; display: block; margin: 10px 0;\">\n<p style=\"margin: 15px 0; line-height: 1.8; clear: both; display: block; width: 100%; float: none; position: static;\">Rower elektryczny Engwe L20 3.0 Boost z silnikiem 250 W o maksymalnym momencie obrotowym75 Nm Boost Power. W pe\u0142ni zamortyzowany kompaktowy rower elektryczny.<\/p>\n<p style=\"margin: 15px 0; line-height: 1.8; clear: both; display: block; width: 100%; float: none; position: static;\">Najwy\u017cszy komfort<\/p>\n<p style=\"margin: 15px 0; line-height: 1.8; clear: both; display: block; width: 100%; float: none; position: static;\">Rower zaprojektowano w taki spos\u00f3b, aby poch\u0142ania\u0142 do 90% wibracji. Ciesz si\u0119 absorpcj\u0105 wibracji jak w rowerze g\u00f3rskim poruszaj\u0105c si\u0119 jednocze\u015bnie po ulicach miasta.<\/p>\n<p style=\"margin: 15px 0; line-height: 1.8; clear: both; display: block; width: 100%; float: none; position: static;\">B\u0142yskawiczne \u0142adowanie 8A<\/p>\n<p style=\"margin: 15px 0; line-height: 1.8; clear: both; display: block; width: 100%; float: none; position: static;\">Rower na\u0142adowany w zaledwie 2 godziny. Brak oczekiwania, brak k\u0142opot\u00f3w. Ulepszona konstrukcja ukrytej baterii sprawia, \u017ce jest ona elegancka i \u0142atwo si\u0119 wyjmuje, co zapewnia maksimum wygody.<\/p>\n<p style=\"margin: 15px 0; line-height: 1.8; clear: both; display: block; width: 100%; float: none; position: static;\">Tryb do\u0142adowania: Kiedy moc spotyka si\u0119 ze zgodno\u015bci\u0105<\/p>\n<p style=\"margin: 15px 0; line-height: 1.8; clear: both; display: block; width: 100%; float: none; position: static;\">Funkcja ta zapewnia natychmiastowy przyrost mocy, gwarantuj\u0105c jednocze\u015bnie pe\u0142n\u0105 zgodno\u015b\u0107 z lokalnymi przepisami \u2014 zapewnia to najlepsz\u0105 wydajno\u015b\u0107 i zgodno\u015b\u0107 z przepisami prawa.<\/p>\n<p style=\"margin: 15px 0; line-height: 1.8; clear: both; display: block; width: 100%; float: none; position: static;\">Bateria o du\u017cym zasi\u0119gu 135 km<\/p>\n<p style=\"margin: 15px 0; line-height: 1.8; clear: both; display: block; width: 100%; float: none; position: static;\">Rower zasilany bateri\u0105 o du\u017cej pojemno\u015bci 648 Wh. Wi\u0119kszy dystans, mniej \u0142adowania \u2014 rower stworzony dla miejskich odkrywc\u00f3w.<\/p>\n<p style=\"margin: 15px 0; line-height: 1.8; clear: both; display: block; width: 100%; float: none; position: static;\">Najlepszy towarzysz podr\u00f3\u017cy<\/p>\n<p style=\"margin: 15px 0; line-height: 1.8; clear: both; display: block; width: 100%; float: none; position: static;\">L20 3.0 Boost sk\u0142ada si\u0119 kompaktowo, zajmuj\u0105c \u22640,3 m\u00b3 przestrzeni, co u\u0142atwia jego przechowywanie. Idealny do podr\u00f3\u017cy 4+2. Bez trudu zmie\u015bci si\u0119 w samochodzie, kamperze lub \u015brodkach transportu publicznego, dzi\u0119ki czemu ka\u017cda podr\u00f3\u017c b\u0119dzie bezproblemowa.<\/p>\n<p style=\"margin: 15px 0; line-height: 1.8; clear: both; display: block; width: 100%; float: none; position: static;\">Hamulce hydrauliczne<\/p>\n<p style=\"margin: 15px 0; line-height: 1.8; clear: both; display: block; width: 100%; float: none; position: static;\">Zaawansowany hydrauliczny uk\u0142ad hamulcowy pozwala na precyzyjne i \u0142atwe hamowanie, gwarantuj\u0105c bezpiecze\u0144stwo i kontrol\u0119 w ka\u017cdym terenie.<\/p>\n<p style=\"margin: 15px 0; line-height: 1.8; clear: both; display: block; width: 100%; float: none; position: static;\">Tylny baga\u017cnik<\/p>\n<p style=\"margin: 15px 0; line-height: 1.8; clear: both; display: block; width: 100%; float: none; position: static;\">Wytrzyma\u0142y i pojemny, umo\u017cliwia \u0142atwy transport zakup\u00f3w, sprz\u0119tu lub niezb\u0119dnych rzeczy, u\u0142atwiaj\u0105c codzienne obowi\u0105zki.<\/p>\n<p style=\"margin: 15px 0; line-height: 1.8; clear: both; display: block; width: 100%; float: none; position: static;\">Przerzutki Shimano<\/p>\n<p style=\"margin: 15px 0; line-height: 1.8; clear: both; display: block; width: 100%; float: none; position: static;\">P\u0142ynna zmiana pomi\u0119dzy siedmioma biegami umo\u017cliwia p\u0142ynne peda\u0142owanie, podjazdy bez wysi\u0142ku i optymaln\u0105 kontrol\u0119 pr\u0119dko\u015bci w ka\u017cdych warunkach.<\/p>\n<p style=\"margin: 15px 0; line-height: 1.8; clear: both; display: block; width: 100%; float: none; position: static;\">Ergonomiczne siode\u0142ko<\/p>\n<p style=\"margin: 15px 0; line-height: 1.8; clear: both; display: block; width: 100%; float: none; position: static;\">Stworzone z optymalnej wy\u015bci\u00f3\u0142ki i w najlepszym kszta\u0142cie w celu zmniejszenia nacisku, zapewnienia maksymalnego komfortu i wsparcie zar\u00f3wno podczas kr\u00f3tkich podr\u00f3\u017cy, jak i d\u0142ugich dojazd\u00f3w do pracy.<\/p>\n<p style=\"margin: 15px 0; line-height: 1.8; clear: both; display: block; width: 100%; float: none; position: static;\">Silnik w pia\u015bcie o mocy 250 W<\/p>\n<p style=\"margin: 15px 0; line-height: 1.8; clear: both; display: block; width: 100%; float: none; position: static;\">Niezawodny silnik w pia\u015bcie o mocy 250 W zapewnia p\u0142ynne przyspieszanie, wydajne wykorzystanie energii i cich\u0105 prac\u0119 podczas jazdy po mie\u015bcie i codziennych dojazd\u00f3w do pracy.<\/p>\n<p style=\"margin: 15px 0; line-height: 1.8; clear: both; display: block; width: 100%; float: none; position: static;\">Opony 20\u00d73&#8243; Odporne na Przebicia<\/p>\n<p style=\"margin: 15px 0; line-height: 1.8; clear: both; display: block; width: 100%; float: none; position: static;\">Lepsza przyczepno\u015b\u0107, amortyzacja i stabilno\u015b\u0107 na miejskich drogach i szlakach\u2014plus opony odporne na przebicia dla bezstresowej jazdy.<\/p>\n<\/div>\n<\/div>\n<\/div>\n<div style=\"clear: both; display: block; margin: 10px 0;\">\n<div style=\"clear: both; display: block; margin: 10px 0;\">\n<div style=\"clear: both; display: block; margin: 10px 0;\">\n<div  style=\"max-width:1838px;max-height:1946px\">\n<div style=\"clear: both; display: block; margin: 10px 0;\">\n<div style=\"clear: both; width: 100%; display: block; margin: 20px 0; padding: 0; float: none; position: static; text-align: center;\"><img decoding=\"async\"  src=\"https:\/\/a.allegroimg.com\/original\/116021\/f34b21a34bd2bda9e88ef6a4c041\/Rower-Elektryczny-Engwe-L20-3-0-Boost-Czarny\" srcset=\"https:\/\/a.allegroimg.com\/original\/116021\/f34b21a34bd2bda9e88ef6a4c041\/Rower-Elektryczny-Engwe-L20-3-0-Boost-Czarny 340w,https:\/\/a.allegroimg.com\/original\/116021\/f34b21a34bd2bda9e88ef6a4c041\/Rower-Elektryczny-Engwe-L20-3-0-Boost-Czarny 680w,https:\/\/a.allegroimg.com\/original\/116021\/f34b21a34bd2bda9e88ef6a4c041\/Rower-Elektryczny-Engwe-L20-3-0-Boost-Czarny 967w,https:\/\/a.allegroimg.com\/original\/116021\/f34b21a34bd2bda9e88ef6a4c041\/Rower-Elektryczny-Engwe-L20-3-0-Boost-Czarny 1360w,https:\/\/a.allegroimg.com\/original\/116021\/f34b21a34bd2bda9e88ef6a4c041\/Rower-Elektryczny-Engwe-L20-3-0-Boost-Czarny 1838w\" sizes=\"(min-width: 1200px) 560px, (min-width: 992px) 50vw, 100vw\" width=\"1838px\" alt=\"Rower Elektryczny Engwe L20 3.0 Boost Czarny\" style=\"max-width: 100%; height: auto; display: block; margin: 0 auto;\"><\/div>\n<\/div>\n<\/div>\n<\/div>\n<\/div>\n<div style=\"clear: both; display: block; margin: 10px 0;\">\n<div style=\"clear: both; display: block; margin: 10px 0;\">\n<div  style=\"max-width:1920px;max-height:840px\">\n<div style=\"clear: both; display: block; margin: 10px 0;\">\n<div style=\"clear: both; width: 100%; display: block; margin: 20px 0; padding: 0; float: none; position: static; text-align: center;\"><img decoding=\"async\"  src=\"https:\/\/a.allegroimg.com\/original\/110ad8\/dc98f80e45c59541ea147cc977da\/Rower-Elektryczny-Engwe-L20-3-0-Boost-Czarny-Stan-opakowania-oryginalne\" srcset=\"https:\/\/a.allegroimg.com\/original\/110ad8\/dc98f80e45c59541ea147cc977da\/Rower-Elektryczny-Engwe-L20-3-0-Boost-Czarny-Stan-opakowania-oryginalne 360w,https:\/\/a.allegroimg.com\/original\/110ad8\/dc98f80e45c59541ea147cc977da\/Rower-Elektryczny-Engwe-L20-3-0-Boost-Czarny-Stan-opakowania-oryginalne 720w,https:\/\/a.allegroimg.com\/original\/110ad8\/dc98f80e45c59541ea147cc977da\/Rower-Elektryczny-Engwe-L20-3-0-Boost-Czarny-Stan-opakowania-oryginalne 1024w,https:\/\/a.allegroimg.com\/original\/110ad8\/dc98f80e45c59541ea147cc977da\/Rower-Elektryczny-Engwe-L20-3-0-Boost-Czarny-Stan-opakowania-oryginalne 1440w,https:\/\/a.allegroimg.com\/original\/110ad8\/dc98f80e45c59541ea147cc977da\/Rower-Elektryczny-Engwe-L20-3-0-Boost-Czarny-Stan-opakowania-oryginalne 1920w\" sizes=\"(min-width: 1200px) 560px, (min-width: 992px) 50vw, 100vw\" width=\"1920px\" alt=\"Rower Elektryczny Engwe L20 3.0 Boost Czarny Stan opakowania oryginalne\" style=\"max-width: 100%; height: auto; display: block; margin: 0 auto;\"><\/div>\n<\/div>\n<\/div>\n<\/div>\n<\/div>\n<\/div>\n<div style=\"clear: both; display: block; margin: 10px 0;\">\n<div style=\"clear: both; display: block; margin: 10px 0;\">\n<div style=\"clear: both; display: block; margin: 10px 0;\">\n<div  style=\"max-width:1920px;max-height:840px\">\n<div style=\"clear: both; display: block; margin: 10px 0;\">\n<div style=\"clear: both; width: 100%; display: block; margin: 20px 0; padding: 0; float: none; position: static; text-align: center;\"><img decoding=\"async\"  src=\"https:\/\/a.allegroimg.com\/original\/1106b9\/0749da8c47beb8b68d99993d20b9\/Rower-Elektryczny-Engwe-L20-3-0-Boost-Czarny-Stopien-zlozenia-do-samodzielnego-zlozenia-do-regulacji\" srcset=\"https:\/\/a.allegroimg.com\/original\/1106b9\/0749da8c47beb8b68d99993d20b9\/Rower-Elektryczny-Engwe-L20-3-0-Boost-Czarny-Stopien-zlozenia-do-samodzielnego-zlozenia-do-regulacji 360w,https:\/\/a.allegroimg.com\/original\/1106b9\/0749da8c47beb8b68d99993d20b9\/Rower-Elektryczny-Engwe-L20-3-0-Boost-Czarny-Stopien-zlozenia-do-samodzielnego-zlozenia-do-regulacji 720w,https:\/\/a.allegroimg.com\/original\/1106b9\/0749da8c47beb8b68d99993d20b9\/Rower-Elektryczny-Engwe-L20-3-0-Boost-Czarny-Stopien-zlozenia-do-samodzielnego-zlozenia-do-regulacji 1024w,https:\/\/a.allegroimg.com\/original\/1106b9\/0749da8c47beb8b68d99993d20b9\/Rower-Elektryczny-Engwe-L20-3-0-Boost-Czarny-Stopien-zlozenia-do-samodzielnego-zlozenia-do-regulacji 1440w,https:\/\/a.allegroimg.com\/original\/1106b9\/0749da8c47beb8b68d99993d20b9\/Rower-Elektryczny-Engwe-L20-3-0-Boost-Czarny-Stopien-zlozenia-do-samodzielnego-zlozenia-do-regulacji 1920w\" sizes=\"(min-width: 1200px) 560px, (min-width: 992px) 50vw, 100vw\" width=\"1920px\" alt=\"Rower Elektryczny Engwe L20 3.0 Boost Czarny Stopie\u0144 z\u0142o\u017cenia do samodzielnego z\u0142o\u017cenia, do regulacji\" style=\"max-width: 100%; height: auto; display: block; margin: 0 auto;\"><\/div>\n<\/div>\n<\/div>\n<\/div>\n<\/div>\n<div style=\"clear: both; display: block; margin: 10px 0;\">\n<div style=\"clear: both; display: block; margin: 10px 0;\">\n<div  style=\"max-width:1920px;max-height:762px\">\n<div style=\"clear: both; display: block; margin: 10px 0;\">\n<div style=\"clear: both; width: 100%; display: block; margin: 20px 0; padding: 0; float: none; position: static; text-align: center;\"><img decoding=\"async\"  src=\"https:\/\/a.allegroimg.com\/original\/11817d\/e18577ab40be8f0d74ee585e6e4d\/Rower-Elektryczny-Engwe-L20-3-0-Boost-Czarny-Rozmiar-ramy-20-cali\" srcset=\"https:\/\/a.allegroimg.com\/original\/11817d\/e18577ab40be8f0d74ee585e6e4d\/Rower-Elektryczny-Engwe-L20-3-0-Boost-Czarny-Rozmiar-ramy-20-cali 360w,https:\/\/a.allegroimg.com\/original\/11817d\/e18577ab40be8f0d74ee585e6e4d\/Rower-Elektryczny-Engwe-L20-3-0-Boost-Czarny-Rozmiar-ramy-20-cali 720w,https:\/\/a.allegroimg.com\/original\/11817d\/e18577ab40be8f0d74ee585e6e4d\/Rower-Elektryczny-Engwe-L20-3-0-Boost-Czarny-Rozmiar-ramy-20-cali 1024w,https:\/\/a.allegroimg.com\/original\/11817d\/e18577ab40be8f0d74ee585e6e4d\/Rower-Elektryczny-Engwe-L20-3-0-Boost-Czarny-Rozmiar-ramy-20-cali 1440w,https:\/\/a.allegroimg.com\/original\/11817d\/e18577ab40be8f0d74ee585e6e4d\/Rower-Elektryczny-Engwe-L20-3-0-Boost-Czarny-Rozmiar-ramy-20-cali 1920w\" sizes=\"(min-width: 1200px) 560px, (min-width: 992px) 50vw, 100vw\" width=\"1920px\" alt=\"Rower Elektryczny Engwe L20 3.0 Boost Czarny Rozmiar ramy 20 cali\" style=\"max-width: 100%; height: auto; display: block; margin: 0 auto;\"><\/div>\n<\/div>\n<\/div>\n<\/div>\n<\/div>\n<\/div>\n<\/div>\n<\/div>\n<\/div>\n<div style=\"clear: both; display: block; margin: 10px 0;\">\n","protected":false},"excerpt":{"rendered":"<p>5901546313621 ENGWEL203.0BOOSTBKRower Elektryczny Engwe L20 3.0 Boost Czarny<\/p>\n<p>Rower elektryczny Engwe L20 3.0 Boost z silnikiem 250 W o maksymalnym momencie obrotowym75 Nm Boost Power. W pe\u0142ni zamortyzowany kompaktowy rower elektryczny.<\/p>\n<p>Najwy\u017cszy komfort<\/p>\n<p>Rower zaprojektowano w taki spos\u00f3b, aby poch\u0142ania\u0142 do 90% wibracji. Ciesz si\u0119 absorpcj\u0105 wibracji jak w rowerze g\u00f3rskim poruszaj\u0105c si\u0119 jednocze\u015bnie po ulicach miasta.<\/p>\n<p>B\u0142yskawiczne \u0142adowanie 8A<\/p>\n","protected":false},"featured_media":14589,"template":"","meta":{"_uag_custom_page_level_css":""},"product_brand":[744],"product_cat":[741,688,742,687],"product_tag":[],"class_list":{"0":"post-14588","1":"product","2":"type-product","3":"status-publish","4":"has-post-thumbnail","6":"product_brand-engwe","7":"product_cat-elektryczne","8":"product_cat-rowery","9":"product_cat-rowery-elektryczne-miejskie","10":"product_cat-rowery-i-akcesoria","12":"first","13":"instock","14":"sale","15":"shipping-taxable","16":"purchasable","17":"product-type-simple"},"uagb_featured_image_src":{"full":["https:\/\/torvaniq.shop\/ro64\/wp-content\/uploads\/2026\/02\/allegro-image-14588.jpg",1838,1946,false],"thumbnail":["https:\/\/torvaniq.shop\/ro64\/wp-content\/uploads\/2026\/02\/allegro-image-14588-150x150.jpg",150,150,true],"medium":["https:\/\/torvaniq.shop\/ro64\/wp-content\/uploads\/2026\/02\/allegro-image-14588-283x300.jpg",283,300,true],"medium_large":["https:\/\/torvaniq.shop\/ro64\/wp-content\/uploads\/2026\/02\/allegro-image-14588-768x813.jpg",768,813,true],"large":["https:\/\/torvaniq.shop\/ro64\/wp-content\/uploads\/2026\/02\/allegro-image-14588-967x1024.jpg",967,1024,true],"1536x1536":["https:\/\/torvaniq.shop\/ro64\/wp-content\/uploads\/2026\/02\/allegro-image-14588-1451x1536.jpg",1451,1536,true],"2048x2048":["https:\/\/torvaniq.shop\/ro64\/wp-content\/uploads\/2026\/02\/allegro-image-14588.jpg",1838,1946,false],"woocommerce_thumbnail":["https:\/\/torvaniq.shop\/ro64\/wp-content\/uploads\/2026\/02\/allegro-image-14588-300x300.jpg",300,300,true],"woocommerce_single":["https:\/\/torvaniq.shop\/ro64\/wp-content\/uploads\/2026\/02\/allegro-image-14588-600x635.jpg",600,635,true],"woocommerce_gallery_thumbnail":["https:\/\/torvaniq.shop\/ro64\/wp-content\/uploads\/2026\/02\/allegro-image-14588-100x100.jpg",100,100,true]},"uagb_author_info":{"display_name":"admin","author_link":"https:\/\/torvaniq.shop\/ro64\/author\/"},"uagb_comment_info":0,"uagb_excerpt":"5901546313621 ENGWEL203.0BOOSTBKRower Elektryczny Engwe L20 3.0 Boost Czarny Rower elektryczny Engwe L20 3.0 Boost z silnikiem 250 W o maksymalnym momencie obrotowym75 Nm Boost Power. W pe\u0142ni zamortyzowany kompaktowy rower elektryczny. Najwy\u017cszy komfort Rower zaprojektowano w taki spos\u00f3b, aby poch\u0142ania\u0142 do 90% wibracji. Ciesz si\u0119 absorpcj\u0105 wibracji jak w rowerze g\u00f3rskim poruszaj\u0105c si\u0119 jednocze\u015bnie po&hellip;","_links":{"self":[{"href":"https:\/\/torvaniq.shop\/ro64\/wp-json\/wp\/v2\/product\/14588","targetHints":{"allow":["GET"]}}],"collection":[{"href":"https:\/\/torvaniq.shop\/ro64\/wp-json\/wp\/v2\/product"}],"about":[{"href":"https:\/\/torvaniq.shop\/ro64\/wp-json\/wp\/v2\/types\/product"}],"wp:featuredmedia":[{"embeddable":true,"href":"https:\/\/torvaniq.shop\/ro64\/wp-json\/wp\/v2\/media\/14589"}],"wp:attachment":[{"href":"https:\/\/torvaniq.shop\/ro64\/wp-json\/wp\/v2\/media?parent=14588"}],"wp:term":[{"taxonomy":"product_brand","embeddable":true,"href":"https:\/\/torvaniq.shop\/ro64\/wp-json\/wp\/v2\/product_brand?post=14588"},{"taxonomy":"product_cat","embeddable":true,"href":"https:\/\/torvaniq.shop\/ro64\/wp-json\/wp\/v2\/product_cat?post=14588"},{"taxonomy":"product_tag","embeddable":true,"href":"https:\/\/torvaniq.shop\/ro64\/wp-json\/wp\/v2\/product_tag?post=14588"}],"curies":[{"name":"wp","href":"https:\/\/api.w.org\/{rel}","templated":true}]}}