{"id":14309,"date":"2026-02-26T04:34:47","date_gmt":"2026-02-26T03:34:47","guid":{"rendered":"https:\/\/rowermax.shop\/ro64\/produkt\/rower-gorski-24-olpran-falcon-24-shimano\/"},"modified":"2026-02-26T04:34:49","modified_gmt":"2026-02-26T03:34:49","slug":"rower-gorski-24-olpran-falcon-24-shimano","status":"publish","type":"product","link":"https:\/\/torvaniq.shop\/ro64\/produkt\/rower-gorski-24-olpran-falcon-24-shimano\/","title":{"rendered":"ROWER G\u00d3RSKI 24&quot; OLPRAN FALCON 24 , SHIMANO"},"content":{"rendered":"<div style=\"font-family: Arial, sans-serif; line-height: 1.6; color: #333; padding: 20px; clear: both; display: block; width: 100%; float: none; position: static; overflow: hidden;\">\n<div style=\"clear: both; display: block; margin: 10px 0;\">\n<div style=\"clear: both; display: block; margin: 10px 0;\">\n<div style=\"clear: both; display: block; margin: 10px 0;\">\n<div  style=\"max-width:225px;max-height:225px\">\n<div style=\"clear: both; display: block; margin: 10px 0;\">\n<div style=\"clear: both; width: 100%; display: block; margin: 20px 0; padding: 0; float: none; position: static; text-align: center;\"><img decoding=\"async\"  src=\"https:\/\/a.allegroimg.com\/original\/11be91\/62a0bf0e4971bab7c48820f6a343\/ROWER-GORSKI-24-OLPRAN-FALCON-24-SHIMANO-Amortyzacja-przod\" srcset=\"https:\/\/a.allegroimg.com\/original\/11be91\/62a0bf0e4971bab7c48820f6a343\/ROWER-GORSKI-24-OLPRAN-FALCON-24-SHIMANO-Amortyzacja-przod 225w,https:\/\/a.allegroimg.com\/original\/11be91\/62a0bf0e4971bab7c48820f6a343\/ROWER-GORSKI-24-OLPRAN-FALCON-24-SHIMANO-Amortyzacja-przod 225w\" sizes=\"100vw\" width=\"225px\" alt=\"ROWER G\u00d3RSKI 24&amp;quot; OLPRAN FALCON 24 , SHIMANO Amortyzacja prz\u00f3d\" style=\"max-width: 100%; height: auto; display: block; margin: 0 auto;\"><\/div>\n<\/div>\n<\/div>\n<\/div>\n<\/div>\n<\/div>\n<div style=\"clear: both; display: block; margin: 10px 0;\">\n<div style=\"clear: both; display: block; margin: 10px 0;\">\n<div style=\"clear: both; display: block; margin: 10px 0;\">\n<div  style=\"max-width:2560px;max-height:2178px\">\n<div style=\"clear: both; display: block; margin: 10px 0;\">\n<div style=\"clear: both; width: 100%; display: block; margin: 20px 0; padding: 0; float: none; position: static; text-align: center;\"><img decoding=\"async\"  src=\"https:\/\/a.allegroimg.com\/original\/116fad\/0fdca88244e0b42d847484cafd70\/ROWER-GORSKI-24-OLPRAN-FALCON-24-SHIMANO\" srcset=\"https:\/\/a.allegroimg.com\/original\/116fad\/0fdca88244e0b42d847484cafd70\/ROWER-GORSKI-24-OLPRAN-FALCON-24-SHIMANO 360w,https:\/\/a.allegroimg.com\/original\/116fad\/0fdca88244e0b42d847484cafd70\/ROWER-GORSKI-24-OLPRAN-FALCON-24-SHIMANO 720w,https:\/\/a.allegroimg.com\/original\/116fad\/0fdca88244e0b42d847484cafd70\/ROWER-GORSKI-24-OLPRAN-FALCON-24-SHIMANO 1024w,https:\/\/a.allegroimg.com\/original\/116fad\/0fdca88244e0b42d847484cafd70\/ROWER-GORSKI-24-OLPRAN-FALCON-24-SHIMANO 1440w,https:\/\/a.allegroimg.com\/original\/116fad\/0fdca88244e0b42d847484cafd70\/ROWER-GORSKI-24-OLPRAN-FALCON-24-SHIMANO 2560w\" sizes=\"(min-width: 1200px) 560px, (min-width: 992px) 50vw, 100vw\" width=\"2560px\" alt=\"ROWER G\u00d3RSKI 24&amp;quot; OLPRAN FALCON 24 , SHIMANO\" style=\"max-width: 100%; height: auto; display: block; margin: 0 auto;\"><\/div>\n<\/div>\n<\/div>\n<\/div>\n<\/div>\n<div style=\"clear: both; display: block; margin: 10px 0;\">\n<div style=\"clear: both; display: block; margin: 10px 0;\">\n<h2>ROWER G\u00d3RSKI OLPRAN FALCON SUS 24&#8243;<\/h2>\n<h3 style=\"color: #2c5aa0; font-size: 18px; margin: 30px 0 15px 0; font-weight: bold; clear: both; display: block; width: 100%; float: none; position: static;\">SPECYFIKACJA:<\/h3>\n<ul style=\"margin: 15px 0; padding-left: 20px; clear: both; display: block; width: 100%; float: none; position: static;\">\n<li style=\"margin: 5px 0; padding: 2px 0; clear: both; display: list-item; float: none; position: static;\"><b>RAMA \u2013&nbsp; <\/b>stalowa 13\u201d<\/li>\n<li style=\"margin: 5px 0; padding: 2px 0; clear: both; display: list-item; float: none; position: static;\"><b>WIDELEC<\/b> \u2013 amortyzowany<\/li>\n<li style=\"margin: 5px 0; padding: 2px 0; clear: both; display: list-item; float: none; position: static;\"><b>NAP\u0118D \u2013 <\/b>18 bieg\u00f3w<\/li>\n<li style=\"margin: 5px 0; padding: 2px 0; clear: both; display: list-item; float: none; position: static;\"><b>MANETKI \u2013 <\/b>Shimano<\/li>\n<li style=\"margin: 5px 0; padding: 2px 0; clear: both; display: list-item; float: none; position: static;\"><b>PRZERZUTKA TY\u0141\u2013 <\/b>Shimano Tourney<\/li>\n<li style=\"margin: 5px 0; padding: 2px 0; clear: both; display: list-item; float: none; position: static;\"><b>PRZERZUTKA PRZ\u00d3D-&nbsp;<\/b>Shimano Tourney<\/li>\n<li style=\"margin: 5px 0; padding: 2px 0; clear: both; display: list-item; float: none; position: static;\"><b>KORBA \u2013 <\/b>3 &#8211; rz\u0119dowa<\/li>\n<li style=\"margin: 5px 0; padding: 2px 0; clear: both; display: list-item; float: none; position: static;\"><b>HAMULEC PRZ\u00d3D \/ TY\u0141 \u2013&nbsp; <\/b>V-brake<\/li>\n<li style=\"margin: 5px 0; padding: 2px 0; clear: both; display: list-item; float: none; position: static;\"><b>OPONY \u2013 <\/b>24&#8243;x 2.1<\/li>\n<li style=\"margin: 5px 0; padding: 2px 0; clear: both; display: list-item; float: none; position: static;\"><b>OBR\u0118CZE \u2013 <\/b>aluminiowe<\/li>\n<li style=\"margin: 5px 0; padding: 2px 0; clear: both; display: list-item; float: none; position: static;\"><b>WAGA \u2013 <\/b>14 kg<\/li>\n<li style=\"margin: 5px 0; padding: 2px 0; clear: both; display: list-item; float: none; position: static;\"><b>KOLOR<\/b> &#8211; szary<\/li>\n<\/ul>\n<h3 style=\"color: #2c5aa0; font-size: 18px; margin: 30px 0 15px 0; font-weight: bold; clear: both; display: block; width: 100%; float: none; position: static;\">dostosowana do wzrostu 125 &#8211; 150 cm<\/h3>\n<\/div>\n<\/div>\n<\/div>\n<div style=\"clear: both; display: block; margin: 10px 0;\">\n<div style=\"clear: both; display: block; margin: 10px 0;\">\n<div style=\"clear: both; display: block; margin: 10px 0;\">\n<div  style=\"max-width:2560px;max-height:1649px\">\n<div style=\"clear: both; display: block; margin: 10px 0;\">\n<div style=\"clear: both; width: 100%; display: block; margin: 20px 0; padding: 0; float: none; position: static; text-align: center;\"><img decoding=\"async\"  src=\"https:\/\/a.allegroimg.com\/original\/119cc5\/d5cacacc46c2ab03ddd8c8f8f332\/ROWER-GORSKI-24-OLPRAN-FALCON-24-SHIMANO-Stan-opakowania-oryginalne\" srcset=\"https:\/\/a.allegroimg.com\/original\/119cc5\/d5cacacc46c2ab03ddd8c8f8f332\/ROWER-GORSKI-24-OLPRAN-FALCON-24-SHIMANO-Stan-opakowania-oryginalne 360w,https:\/\/a.allegroimg.com\/original\/119cc5\/d5cacacc46c2ab03ddd8c8f8f332\/ROWER-GORSKI-24-OLPRAN-FALCON-24-SHIMANO-Stan-opakowania-oryginalne 720w,https:\/\/a.allegroimg.com\/original\/119cc5\/d5cacacc46c2ab03ddd8c8f8f332\/ROWER-GORSKI-24-OLPRAN-FALCON-24-SHIMANO-Stan-opakowania-oryginalne 1024w,https:\/\/a.allegroimg.com\/original\/119cc5\/d5cacacc46c2ab03ddd8c8f8f332\/ROWER-GORSKI-24-OLPRAN-FALCON-24-SHIMANO-Stan-opakowania-oryginalne 1440w,https:\/\/a.allegroimg.com\/original\/119cc5\/d5cacacc46c2ab03ddd8c8f8f332\/ROWER-GORSKI-24-OLPRAN-FALCON-24-SHIMANO-Stan-opakowania-oryginalne 2560w\" sizes=\"100vw\" width=\"2560px\" alt=\"ROWER G\u00d3RSKI 24&amp;quot; OLPRAN FALCON 24 , SHIMANO Stan opakowania oryginalne\" style=\"max-width: 100%; height: auto; display: block; margin: 0 auto;\"><\/div>\n<\/div>\n<\/div>\n<\/div>\n<\/div>\n<\/div>\n<div style=\"clear: both; display: block; margin: 10px 0;\">\n<div style=\"clear: both; display: block; margin: 10px 0;\">\n<div style=\"clear: both; display: block; margin: 10px 0;\">\n<div  style=\"max-width:2560px;max-height:1598px\">\n<div style=\"clear: both; display: block; margin: 10px 0;\">\n<div style=\"clear: both; width: 100%; display: block; margin: 20px 0; padding: 0; float: none; position: static; text-align: center;\"><img decoding=\"async\"  src=\"https:\/\/a.allegroimg.com\/original\/111f87\/a41c591340ed853f13f6444d163b\/ROWER-GORSKI-24-OLPRAN-FALCON-24-SHIMANO-Stopien-zlozenia-wstepnie-zlozony-wyregulowany\" srcset=\"https:\/\/a.allegroimg.com\/original\/111f87\/a41c591340ed853f13f6444d163b\/ROWER-GORSKI-24-OLPRAN-FALCON-24-SHIMANO-Stopien-zlozenia-wstepnie-zlozony-wyregulowany 360w,https:\/\/a.allegroimg.com\/original\/111f87\/a41c591340ed853f13f6444d163b\/ROWER-GORSKI-24-OLPRAN-FALCON-24-SHIMANO-Stopien-zlozenia-wstepnie-zlozony-wyregulowany 720w,https:\/\/a.allegroimg.com\/original\/111f87\/a41c591340ed853f13f6444d163b\/ROWER-GORSKI-24-OLPRAN-FALCON-24-SHIMANO-Stopien-zlozenia-wstepnie-zlozony-wyregulowany 1024w,https:\/\/a.allegroimg.com\/original\/111f87\/a41c591340ed853f13f6444d163b\/ROWER-GORSKI-24-OLPRAN-FALCON-24-SHIMANO-Stopien-zlozenia-wstepnie-zlozony-wyregulowany 1440w,https:\/\/a.allegroimg.com\/original\/111f87\/a41c591340ed853f13f6444d163b\/ROWER-GORSKI-24-OLPRAN-FALCON-24-SHIMANO-Stopien-zlozenia-wstepnie-zlozony-wyregulowany 2560w\" sizes=\"(min-width: 1200px) 560px, (min-width: 992px) 50vw, 100vw\" width=\"2560px\" alt=\"ROWER G\u00d3RSKI 24&amp;quot; OLPRAN FALCON 24 , SHIMANO Stopie\u0144 z\u0142o\u017cenia wst\u0119pnie z\u0142o\u017cony, wyregulowany\" style=\"max-width: 100%; height: auto; display: block; margin: 0 auto;\"><\/div>\n<\/div>\n<\/div>\n<\/div>\n<\/div>\n<div style=\"clear: both; display: block; margin: 10px 0;\">\n<div style=\"clear: both; display: block; margin: 10px 0;\">\n<div  style=\"max-width:2560px;max-height:1716px\">\n<div style=\"clear: both; display: block; margin: 10px 0;\">\n<div style=\"clear: both; width: 100%; display: block; margin: 20px 0; padding: 0; float: none; position: static; text-align: center;\"><img decoding=\"async\"  src=\"https:\/\/a.allegroimg.com\/original\/110d8c\/c16883d9449b80c191f733f164d0\/ROWER-GORSKI-24-OLPRAN-FALCON-24-SHIMANO-Kod-producenta-xx3131\" srcset=\"https:\/\/a.allegroimg.com\/original\/110d8c\/c16883d9449b80c191f733f164d0\/ROWER-GORSKI-24-OLPRAN-FALCON-24-SHIMANO-Kod-producenta-xx3131 360w,https:\/\/a.allegroimg.com\/original\/110d8c\/c16883d9449b80c191f733f164d0\/ROWER-GORSKI-24-OLPRAN-FALCON-24-SHIMANO-Kod-producenta-xx3131 720w,https:\/\/a.allegroimg.com\/original\/110d8c\/c16883d9449b80c191f733f164d0\/ROWER-GORSKI-24-OLPRAN-FALCON-24-SHIMANO-Kod-producenta-xx3131 1024w,https:\/\/a.allegroimg.com\/original\/110d8c\/c16883d9449b80c191f733f164d0\/ROWER-GORSKI-24-OLPRAN-FALCON-24-SHIMANO-Kod-producenta-xx3131 1440w,https:\/\/a.allegroimg.com\/original\/110d8c\/c16883d9449b80c191f733f164d0\/ROWER-GORSKI-24-OLPRAN-FALCON-24-SHIMANO-Kod-producenta-xx3131 2560w\" sizes=\"(min-width: 1200px) 560px, (min-width: 992px) 50vw, 100vw\" width=\"2560px\" alt=\"ROWER G\u00d3RSKI 24&amp;quot; OLPRAN FALCON 24 , SHIMANO Kod producenta xx3131\" style=\"max-width: 100%; height: auto; display: block; margin: 0 auto;\"><\/div>\n<\/div>\n<\/div>\n<\/div>\n<\/div>\n<\/div>\n<div style=\"clear: both; display: block; margin: 10px 0;\">\n<div style=\"clear: both; display: block; margin: 10px 0;\">\n<div style=\"clear: both; display: block; margin: 10px 0;\">\n<div  style=\"max-width:2560px;max-height:1998px\">\n<div style=\"clear: both; display: block; margin: 10px 0;\">\n<div style=\"clear: both; width: 100%; display: block; margin: 20px 0; padding: 0; float: none; position: static; text-align: center;\"><img decoding=\"async\"  src=\"https:\/\/a.allegroimg.com\/original\/11da67\/353b61f34ab6953b10ab9622c091\/ROWER-GORSKI-24-OLPRAN-FALCON-24-SHIMANO-Rozmiar-kola-24\" srcset=\"https:\/\/a.allegroimg.com\/original\/11da67\/353b61f34ab6953b10ab9622c091\/ROWER-GORSKI-24-OLPRAN-FALCON-24-SHIMANO-Rozmiar-kola-24 360w,https:\/\/a.allegroimg.com\/original\/11da67\/353b61f34ab6953b10ab9622c091\/ROWER-GORSKI-24-OLPRAN-FALCON-24-SHIMANO-Rozmiar-kola-24 720w,https:\/\/a.allegroimg.com\/original\/11da67\/353b61f34ab6953b10ab9622c091\/ROWER-GORSKI-24-OLPRAN-FALCON-24-SHIMANO-Rozmiar-kola-24 1024w,https:\/\/a.allegroimg.com\/original\/11da67\/353b61f34ab6953b10ab9622c091\/ROWER-GORSKI-24-OLPRAN-FALCON-24-SHIMANO-Rozmiar-kola-24 1440w,https:\/\/a.allegroimg.com\/original\/11da67\/353b61f34ab6953b10ab9622c091\/ROWER-GORSKI-24-OLPRAN-FALCON-24-SHIMANO-Rozmiar-kola-24 2560w\" sizes=\"(min-width: 1200px) 560px, (min-width: 992px) 50vw, 100vw\" width=\"2560px\" alt=\"ROWER G\u00d3RSKI 24&amp;quot; OLPRAN FALCON 24 , SHIMANO Rozmiar ko\u0142a (&quot;) 24\" style=\"max-width: 100%; height: auto; display: block; margin: 0 auto;\"><\/div>\n<\/div>\n<\/div>\n<\/div>\n<\/div>\n<div style=\"clear: both; display: block; margin: 10px 0;\">\n<div style=\"clear: both; display: block; margin: 10px 0;\">\n<div  style=\"max-width:2560px;max-height:1525px\">\n<div style=\"clear: both; display: block; margin: 10px 0;\">\n<div style=\"clear: both; width: 100%; display: block; margin: 20px 0; padding: 0; float: none; position: static; text-align: center;\"><img decoding=\"async\"  src=\"https:\/\/a.allegroimg.com\/original\/11badb\/ed7d006247fea7b584f46ba0932f\/ROWER-GORSKI-24-OLPRAN-FALCON-24-SHIMANO-Kolor-szary\" srcset=\"https:\/\/a.allegroimg.com\/original\/11badb\/ed7d006247fea7b584f46ba0932f\/ROWER-GORSKI-24-OLPRAN-FALCON-24-SHIMANO-Kolor-szary 360w,https:\/\/a.allegroimg.com\/original\/11badb\/ed7d006247fea7b584f46ba0932f\/ROWER-GORSKI-24-OLPRAN-FALCON-24-SHIMANO-Kolor-szary 720w,https:\/\/a.allegroimg.com\/original\/11badb\/ed7d006247fea7b584f46ba0932f\/ROWER-GORSKI-24-OLPRAN-FALCON-24-SHIMANO-Kolor-szary 1024w,https:\/\/a.allegroimg.com\/original\/11badb\/ed7d006247fea7b584f46ba0932f\/ROWER-GORSKI-24-OLPRAN-FALCON-24-SHIMANO-Kolor-szary 1440w,https:\/\/a.allegroimg.com\/original\/11badb\/ed7d006247fea7b584f46ba0932f\/ROWER-GORSKI-24-OLPRAN-FALCON-24-SHIMANO-Kolor-szary 2560w\" sizes=\"(min-width: 1200px) 560px, (min-width: 992px) 50vw, 100vw\" width=\"2560px\" alt=\"ROWER G\u00d3RSKI 24&amp;quot; OLPRAN FALCON 24 , SHIMANO Kolor szary\" style=\"max-width: 100%; height: auto; display: block; margin: 0 auto;\"><\/div>\n<\/div>\n<\/div>\n<\/div>\n<\/div>\n<\/div>\n<\/div>\n<\/div>\n<\/div>\n<div style=\"clear: both; display: block; margin: 10px 0;\">\n","protected":false},"excerpt":{"rendered":"<p>ROWER G\u00d3RSKI OLPRAN FALCON SUS 24&quot;<\/p>\n<p>SPECYFIKACJA:<\/p>\n<p>RAMA \u2013&nbsp; stalowa 13\u201d<\/p>\n<p>WIDELEC \u2013 amortyzowany<\/p>\n<p>NAP\u0118D \u2013 18 bieg\u00f3w<\/p>\n<p>MANETKI \u2013 Shimano<\/p>\n<p>PRZERZUTKA TY\u0141\u2013 Shimano Tourney<\/p>\n<p>PRZERZUTKA PRZ\u00d3D-&nbsp;Shimano Tourney<\/p>\n","protected":false},"featured_media":14310,"template":"","meta":{"_uag_custom_page_level_css":""},"product_brand":[711],"product_cat":[706,688,687],"product_tag":[],"class_list":{"0":"post-14309","1":"product","2":"type-product","3":"status-publish","4":"has-post-thumbnail","6":"product_brand-olpran","7":"product_cat-junior","8":"product_cat-rowery","9":"product_cat-rowery-i-akcesoria","11":"first","12":"instock","13":"sale","14":"shipping-taxable","15":"purchasable","16":"product-type-simple"},"uagb_featured_image_src":{"full":["https:\/\/torvaniq.shop\/ro64\/wp-content\/uploads\/2026\/02\/allegro-image-14309.jpg",2560,2178,false],"thumbnail":["https:\/\/torvaniq.shop\/ro64\/wp-content\/uploads\/2026\/02\/allegro-image-14309-150x150.jpg",150,150,true],"medium":["https:\/\/torvaniq.shop\/ro64\/wp-content\/uploads\/2026\/02\/allegro-image-14309-300x255.jpg",300,255,true],"medium_large":["https:\/\/torvaniq.shop\/ro64\/wp-content\/uploads\/2026\/02\/allegro-image-14309-768x653.jpg",768,653,true],"large":["https:\/\/torvaniq.shop\/ro64\/wp-content\/uploads\/2026\/02\/allegro-image-14309-1024x871.jpg",1024,871,true],"1536x1536":["https:\/\/torvaniq.shop\/ro64\/wp-content\/uploads\/2026\/02\/allegro-image-14309-1536x1307.jpg",1536,1307,true],"2048x2048":["https:\/\/torvaniq.shop\/ro64\/wp-content\/uploads\/2026\/02\/allegro-image-14309-2048x1742.jpg",2048,1742,true],"woocommerce_thumbnail":["https:\/\/torvaniq.shop\/ro64\/wp-content\/uploads\/2026\/02\/allegro-image-14309-300x300.jpg",300,300,true],"woocommerce_single":["https:\/\/torvaniq.shop\/ro64\/wp-content\/uploads\/2026\/02\/allegro-image-14309-600x510.jpg",600,510,true],"woocommerce_gallery_thumbnail":["https:\/\/torvaniq.shop\/ro64\/wp-content\/uploads\/2026\/02\/allegro-image-14309-100x100.jpg",100,100,true]},"uagb_author_info":{"display_name":"admin","author_link":"https:\/\/torvaniq.shop\/ro64\/author\/"},"uagb_comment_info":0,"uagb_excerpt":"ROWER G\u00d3RSKI OLPRAN FALCON SUS 24&quot; SPECYFIKACJA: RAMA \u2013&nbsp; stalowa 13\u201d WIDELEC \u2013 amortyzowany NAP\u0118D \u2013 18 bieg\u00f3w MANETKI \u2013 Shimano PRZERZUTKA TY\u0141\u2013 Shimano Tourney PRZERZUTKA PRZ\u00d3D-&nbsp;Shimano Tourney","_links":{"self":[{"href":"https:\/\/torvaniq.shop\/ro64\/wp-json\/wp\/v2\/product\/14309","targetHints":{"allow":["GET"]}}],"collection":[{"href":"https:\/\/torvaniq.shop\/ro64\/wp-json\/wp\/v2\/product"}],"about":[{"href":"https:\/\/torvaniq.shop\/ro64\/wp-json\/wp\/v2\/types\/product"}],"wp:featuredmedia":[{"embeddable":true,"href":"https:\/\/torvaniq.shop\/ro64\/wp-json\/wp\/v2\/media\/14310"}],"wp:attachment":[{"href":"https:\/\/torvaniq.shop\/ro64\/wp-json\/wp\/v2\/media?parent=14309"}],"wp:term":[{"taxonomy":"product_brand","embeddable":true,"href":"https:\/\/torvaniq.shop\/ro64\/wp-json\/wp\/v2\/product_brand?post=14309"},{"taxonomy":"product_cat","embeddable":true,"href":"https:\/\/torvaniq.shop\/ro64\/wp-json\/wp\/v2\/product_cat?post=14309"},{"taxonomy":"product_tag","embeddable":true,"href":"https:\/\/torvaniq.shop\/ro64\/wp-json\/wp\/v2\/product_tag?post=14309"}],"curies":[{"name":"wp","href":"https:\/\/api.w.org\/{rel}","templated":true}]}}